cond derivative of -w**2 + 7*w - 1/6*w**3 + 0. Calculate f(x).
-6
Let x(a) = 5*a**2 + 8*a. Let s(o) = 6*o**2 + 8*o - 1. Let g(f) = -4*s(f) + 5*x(f). Give g(-7).
-3
Let r(j) = -j**2. Let g be (-4)/8 - 1/2. Let z(x) be the second derivative of -x**4/4 + x**3/3 - 3*x**2 + 2*x. Let q(f) = g*z(f) + 4*r(f). Give q(-5).
-9
Let m(n) = -3*n**3 + 2*n**2 + 2*n + 1. Let o be (-2 + 0)/(1*2). Give m(o).
4
Let r(g) = g**2 - g + 11. Let a = -50 + 50. Give r(a).
11
Let z(r) = -2*r - 1. Let x = -2 - -2. Suppose 4*g + x*g - 16 = 0. Let l = g + -6. Give z(l).
3
Let k(f) = f - 6. Let g be k(8). Suppose u - 7 = g*p, 0*u - 4*u + 23 = -3*p. Let t(l) = 6*l**3 - l**2 - 2*l - 1. Determine t(p).
-6
Let u(o) = -o**2 - 7*o - 8. Let r(y) = -y**2 - 5*y - 7. Let t(v) = 5*r(v) - 4*u(v). Determine t(3).
-3
Let k(z) be the third derivative of z**5/60 - z**4/6 + 5*z**3/6 - 21*z**2. Calculate k(6).
17
Let m(l) be the second derivative of 7/6*l**3 - 3*l**2 + 0 - 1/12*l**4 + 4*l. What is m(4)?
6
Let w(m) = -7*m + 1. Suppose 0 = -4*u - 2*u + 6. What is w(u)?
-6
Let k(q) = 4*q**3 + 3 - 5*q**3 - 3*q + q**2 + 2*q**3. Let h(i) = i + 39. Let u be h(-23). Suppose u = 8*m - 0*m. Calculate k(m).
9
Let b(t) = t**3 - 12*t**2 - 11*t - 17. Let i be b(13). Let d(j) = -i*j + 0*j**2 - 8*j**2 + 10 + 9*j**2. Give d(7).
-4
Let i(t) = -11174*t + t**2 - 2*t**2 + 2 + 11181*t. What is i(6)?
8
Suppose -4*o - 1 = 3*m + o, 4*o = -2*m. Let b(r) be the first derivative of -r**4/4 - r**3/3 - 2*r - 1. Let d(y) be the first derivative of b(y). Give d(m).
-8
Let g(p) be the first derivative of p + 1/2*p**3 + 1/2*p**2 + 3. Let z(i) be the first derivative of g(i). What is z(1)?
4
Let g(y) = y**2 - 4*y - 1. Let j be (16/20)/(2/10). What is g(j)?
-1
Let r(q) be the first derivative of -2 + q - 5/3*q**3 - q**2. What is r(1)?
-6
Let s(v) = -3*v**2 - v + 7. Let p be (0 - 4) + 0/(-1). Let u(b) = -7*b**2 - b + 15. Let f(k) = p*u(k) + 9*s(k). Let h = 2 + 0. Determine f(h).
-3
Let h(r) = -r**3 + 2*r**2 + 5*r + 4. Let i be h(-2). Let a(w) = -w + 10. What is a(i)?
0
Let v(r) = -r**3 + 3*r**2 + 3*r - 5. Let o be 3 + -1*(-5)/5. Calculate v(o).
-9
Let g(c) be the second derivative of -c**5/20 + 5*c**4/12 + c**3 - 5*c**2/2 - 2*c. Let x be g(6). Let i(d) = 3*d - d - 3*d. Determine i(x).
5
Let a = 124 - 119. Let m(o) = 2*o + 2. Determine m(a).
12
Let r(a) = -7*a - 8. Let v(h) be the first derivative of 4*h**2 + 9*h + 1. Let c(z) = 7*r(z) + 6*v(z). What is c(-2)?
0
Let q(x) = x + 14. Let k(a) = -a**3 - 5*a**2 + 2*a - 1. Let s be k(-5). Determine q(s).
3
Let q(b) = 3*b + 0*b**2 - b**3 - 2*b**2 - 9 + 12 + 0*b**3. Let d = -2 + 0. Give q(d).
-3
Suppose -2*f - 4*i = -i - 2, 0 = -4*f - 4*i. Let l(h) = -3*h**2 - h - 2. What is l(f)?
-12
Let a(w) = -2*w**2 - 16*w - 25. Let c(d) = d**2 + 8*d + 13. Let f(k) = -4*a(k) - 7*c(k). Calculate f(-6).
-3
Suppose -15*b = -13*b - 10. Let r(x) = 2*x - 4. Give r(b).
6
Let o(a) = 2*a**3 - 3*a**2 - a - 3. Let k be o(3). Suppose -3*f - k = 5*b - 5*f, -3*f + 14 = -4*b. Let h(n) = 4 - 4*n - 10 + n**2 + 8*n. Calculate h(b).
-1
Suppose -2*d + 7*d = -15. Let o = d + 5. Let c(r) = -2 - 2*r**3 - 3*r + r**2 - o + 4*r**2 + r**3. Give c(3).
5
Let s be (-18)/(-4)*4/6. Let x(i) = -4 - s*i**2 + 2 - i**2 - i**3 - 2*i. Let f = -5 - -1. What is x(f)?
6
Let c = 3 - 7. Let o(x) = 3*x**3 + x**2 - x + 1. Let n be o(1). Let u(b) = b + 6 - 3*b - n + 4*b. Calculate u(c).
-6
Let z(a) = a**3 + 3*a**2 - 3*a - 3. Let m be 0*(2 + (-4)/4). Let y be (m + 8)*5/(-10). Calculate z(y).
-7
Let y(x) = x**3 - 8*x**2 + 6*x + 5. Suppose -2*b + 16 = -t - t, 33 = 4*b - 5*t. Give y(b).
-2
Let u(f) be the first derivative of f**2 + 3. Let q(i) = i**2 - 2*i - 4. Suppose 29 = 3*o + 4*c, 3*o - 2*c + 16 = 3*c. Let d be q(o). Calculate u(d).
-2
Let c(h) = h - 3. Let y(n) = n + 10. Let u be y(-6). Let o(j) be the first derivative of j**2/2 - j - 2. Let x be o(u). Calculate c(x).
0
Let m(o) = 0 + 5 + o + 2. Let y(s) = -s. Let c(q) = -q + 3. Let f be c(2). Let i(h) = f*m(h) + 2*y(h). What is i(0)?
7
Suppose -11*s + 5 = -6. Let j(d) = -2 + 11*d**3 + 0*d**3 + 1. Calculate j(s).
10
Let l(x) = 2*x - 1. Suppose -2*r = -0*r + 2. Give l(r).
-3
Let b(o) = 9*o**3 - 5*o**3 - 3*o**3 + 6*o + 8*o**2 - 9. Give b(-7).
-2
Suppose 10*i - 18 = 4*i. Suppose 0*x - i*x = -12. Let c(n) = -n**2 + 5*n + 2. What is c(x)?
6
Let g(l) = -7*l**3 + l**2. Let v(z) = -8 + z + z + 3*z + 3*z - z**2. Let s be v(7). Calculate g(s).
8
Let z(b) = b**2 + 2*b - 5*b**2 + 5*b**2 + b**2. Give z(2).
12
Let o(a) = 2*a + 7. Suppose 25 = -5*l + 4*y, -5*y - 9 - 1 = 2*l. What is o(l)?
-3
Let i(a) = -2*a**2 - a + 2. Let n be 27/(-12) - 1/(-4). Calculate i(n).
-4
Let s = 1 + -5. Let o(f) = f - 1. Let p be o(5). Let z(h) = -5 + 3 + 2*h**2 + p*h - h**2. Give z(s).
-2
Let m be (-1)/(-1)*2*2. Let z(w) = 4*w - 5. Let l(p) = 13*p - 16. Let n(a) = -2*l(a) + 7*z(a). Calculate n(m).
5
Let c(v) = v**3 + 8*v**2 + 7*v + 3. Let m(w) = -w**3 + 14*w**2 - w + 7. Let h be m(14). What is c(h)?
3
Let s be (12/(-9))/(5/15). Let q(c) = -7*c**3 - 10*c**2 - c + 10. Let k(p) = -p**3 - p**2 + 1. Let z(t) = -6*k(t) + q(t). Determine z(s).
8
Let o(v) = 2*v**3 - 4*v**2 + 3*v. Let t be 3/(-2)*8/(-6). Suppose 0 = r - 5*g - 2, 5*r = t*g - 6*g + 10. Determine o(r).
6
Let t(b) be the third derivative of b**4/24 + b**2. Suppose w = 2*w + 7. Let i(c) = -3*c + 1. Let a(s) = w*t(s) - 2*i(s). Calculate a(0).
-2
Suppose -2*o = 6, -5*x + 7 = -10*x - 4*o. Let f(u) = -1 - 4*u**2 + 1 + 5 - 4. Let v be f(x). Let q(y) = -y**3 - 2*y**2 + 4*y + 4. Calculate q(v).
1
Let z(b) = b**2 + b - 4. Let h(s) = -s**3 - 5*s**2 + 5*s + 2. Let v = 8 - 14. Let i be h(v). Let l = 11 - i. Calculate z(l).
8
Let s be (-52)/(-6) - (-4)/(-6). Suppose n + n = s. Let c(b) = -b + 1. Let f(a) = -5*a + 7. Let g(q) = -2*c(q) + f(q). What is g(n)?
-7
Let w(c) = 5*c**2 + 1. Let z(h) = 4*h**2 - h + 2. Let d(y) = -3*w(y) + 2*z(y). Let s(p) = -p - 1. Let t be s(-2). What is d(t)?
-8
Suppose 8*g = 3*g + 15. Suppose 4*y = -u + 2*y + 4, -4*u = 4*y - 12. Let v(o) = o**u - 3 + 5 - g*o - 2. What is v(4)?
4
Let n be (-18)/6*2/(-3). Let u(y) = y**3 + 2*y - 1. What is u(n)?
11
Let z(t) = -t**2 + t - 1. Let k be z(1). Let u(l) be the third derivative of -1/60*l**5 + 0*l + 1/120*l**6 + 0 - 1/12*l**4 - 1/6*l**3 - l**2. Calculate u(k).
-1
Let j(m) = -m**3 - 5*m**2 - 6*m - 5. Let g be 50/70 + 4/14. Let t = -5 + g. Give j(t).
3
Let p(b) be the third derivative of 1/6*b**3 - 1/30*b**5 + 0*b + 5*b**2 - 1/120*b**6 - 1/24*b**4 + 0. Calculate p(-2).
3
Let z(h) be the third derivative of -h**6/60 - h**5/20 + h**3/3 + 4*h**2. What is z(-2)?
6
Let l(h) = h**3 + 7*h**2 + h + 3. Let m be 20/(-50) + 8/(-5). Let w be 2*((-44)/8 - m). What is l(w)?
-4
Suppose -38 = -4*y + 2. Let g(w) = -w**2 - w + y - 9 + 4*w - w**3. Give g(-2).
-1
Suppose 0 = 3*o - o. Let t(c) = 2*c - 5. Let f(n) = n - 2. Let q(b) = -7*f(b) + 3*t(b). Let m be q(o). Let d(s) = -5*s**3 + s**2 - s - 1. Determine d(m).
6
Let v(d) = -35*d**3 + 11*d**2 + 2 + 6*d - 3 - 4*d**2 + 36*d**3. Calculate v(-6).
-1
Let s(t) = -1. Let z(a) = -a - 5. Let h(n) = -s(n) + z(n). Let d = -8 + 5. Determine h(d).
-1
Let u(l) be the third derivative of l**5/120 + l**4/24 - l**3/6 + 4*l**2. Let v(z) be the first derivative of u(z). Determine v(6).
7
Let r(i) = -i + 2. Let b = 37 + -34. Determine r(b).
-1
Let k(t) = -13 + 3*t**2 - 6*t + t**3 + 3*t + 12. Give k(-3).
8
Let s(h) = 4*h + 1. Let d be s(1). Let b(p) = 0*p**3 - 3*p**2 + d*p**2 + p**3 + p**2 - 3*p. Calculate b(-4).
-4
Let o be -3 + (2 - 1 - -12). Suppose -o = -2*y - 2*v + 4, 17 = 3*y + v. Let c(r) = r**2 - 3*r - 6. Determine c(y).
4
Let p(b) = b**3 - 2*b**2 + 2*b - 3. Let r = -14 - -20. Suppose 4*o + 5*f = -r + 4, 0 = -3*o - f + 4. Calculate p(o).
1
Let t(l) = l + 4. Let p = 18 + -9. Let y be 2/(-4) + p/(-6). Give t(y).
2
Let j(y) = 0 + 2 - 2 - 3 - 3*y. Let d be -3 + (-3)/(1 - -2). Give j(d).
9
Suppose 6*t + 5*t - 55 = 0. Let x(r) = 2*r**2 - 7*r + 1. Calculate x(t).
16
Let s(m) = m**2. Let z = 6 + -11. Let w be z*(-1 - (-4)/10). Suppose 2 = w*o - 2*o. Calculate s(o).
4
Let l(h) = h**2 + h - 1. Suppose 0 = 3*t - t - 4. Let x be (-3)/((-21)/(-6) - t). Let f be 2/(x/3 - 0). What is l(f)?
5
Let o(v) = -1. Let r(b) = -b + 7. Let y(t) = 6*o(t) + r(t). Give y(2).
-1
Let w(g) = 2*g - 3. Suppose 3*s = -4*b - 4, 0*s -